. Calculate c(8).
25
Let m(v) = v**3 - 9*v**2 - 11*v - 11. Calculate m(10).
-21
Let h(b) = 2*b**2 + 35*b + 26. Give h(-16).
-22
Let v(j) = j**3 - 2*j**2 + 7*j - 18. Determine v(3).
12
Let u(i) = i - 23. Give u(19).
-4
Let d(k) = -k**3 + 2*k**2 + k + 4. Give d(3).
-2
Let h(b) = -2*b**2 + 9*b + 11. Calculate h(5).
6
Let b(v) = -15*v - 4. Determine b(-5).
71
Let h(l) = -l**2 - 56*l + 310. What is h(-61)?
5
Let n(t) = t**3 - 12*t**2 - 10*t - 34. Give n(13).
5
Let t(p) = 5*p**2 - 22*p. What is t(5)?
15
Let m(x) = 2*x**2 + 26*x - 49. What is m(-15)?
11
Let v(d) = -4*d**2 + 72*d + 5. What is v(18)?
5
Let p(b) = 3*b**2 + 12*b + 6. What is p(-3)?
-3
Let h(x) = -2*x**2 + 45*x + 50. Calculate h(23).
27
Let f(k) = -k**2 + 5*k + 4. Determine f(3).
10
Let j(w) = -w - 15. Determine j(-5).
-10
Let s(j) = j. Determine s(3).
3
Let b(u) = u - 40. Calculate b(31).
-9
Let t(a) = -3*a + 47. Determine t(8).
23
Let p(j) = j**3 - 10*j**2 + 9*j - 9. Calculate p(9).
-9
Let d(z) = -3*z - 14. Give d(-6).
4
Let q(r) = -r - 1. Determine q(8).
-9
Let a(w) = -2*w**3 - 76*w**2 - 42. Give a(-38).
-42
Let v(u) = -u**2 + 7*u - 7. Calculate v(5).
3
Let i(d) = 26*d - 3. Determine i(2).
49
Let a(g) = 7*g + 2. Determine a(2).
16
Let m(k) = k**2 + 14*k - 95. What is m(-19)?
0
Let n(r) = 12*r + 18. Give n(-5).
-42
Let s(r) = r**3 - 17*r**2 + 11*r + 88. Determine s(16).
8
Let v(y) = 3*y**2 + 4*y - 2. Determine v(-5).
53
Let o(c) = -5*c - 7. What is o(2)?
-17
Let g(h) = 8*h**2 + h. Calculate g(-1).
7
Let x(u) = -u**2 + 12*u + 1. Determine x(7).
36
Let y(k) = k**2 - 5*k - 6. Give y(5).
-6
Let q(x) = 5*x - 18. Give q(3).
-3
Let p(o) = o**3 + 7*o**2 + 8*o + 8. Determine p(-6).
-4
Let t(q) = -6*q + 6. Calculate t(4).
-18
Let n(o) = o**3 - 2*o**2 + 1. Calculate n(3).
10
Let x(u) = u**3 + 11*u**2 - 2*u - 15. Calculate x(-11).
7
Let b(u) = -2*u + 8. Determine b(7).
-6
Let q(n) = n - 1. Calculate q(10).
9
Let b(l) = -l**3 - 11*l**2 - 16*l - 16. Determine b(-8).
-80
Let h(k) = -5*k + 9. What is h(1)?
4
Let h(y) = -y**3 + 5*y**2 + 6*y - 1. Determine h(6).
-1
Let s(l) = -l**2 - 2*l + 6. Calculate s(4).
-18
Let g(y) = -y**3 + 35*y**2 - y - 32. What is g(35)?
-67
Let t(c) = -c + 25. What is t(-20)?
45
Let z(x) = -6*x - 10. Give z(-4).
14
Let c(z) = -z + 2. What is c(10)?
-8
Let v(d) = -d**2 + 6*d - 11. Give v(3).
-2
Let t(z) = -z**3 + 7*z**2 - 13*z + 82. Calculate t(7).
-9
Let i(n) = -31*n + 54. What is i(2)?
-8
Let b(j) = -j**2 + 52*j - 477. What is b(40)?
3
Let w(j) = -j**2 + 38*j - 105. Calculate w(35).
0
Let f(z) = -z**3 - 5*z**2 - 7*z - 9. Determine f(-4).
3
Let i(l) = l**2 + 14*l - 22. Determine i(-15).
-7
Let n(c) = 2*c + 4. What is n(0)?
4
Let x(w) = 2*w - 2. Determine x(-5).
-12
Let s(p) = -p**2 - 32*p - 157. Give s(-26).
-1
Let a(h) = -2*h**2 + h - 3. Determine a(4).
-31
Let s(v) = 218*v - 1961. What is s(9)?
1
Let y(h) = 9*h + 67. Give y(-7).
4
Let n(h) = h**3 - 14*h**2 + h - 14. Calculate n(14).
0
Let q(v) = -v**2 + 7*v + 211. Calculate q(-12).
-17
Let d(s) = s**3 - 7*s**2 + 12*s - 21. Determine d(5).
-11
Let f(k) = -2*k - 15. Calculate f(-5).
-5
Let y(n) = -9*n + 164. Give y(17).
11
Let c(a) = -a - 6. Calculate c(5).
-11
Let r(m) = 24*m + 41. Determine r(-6).
-103
Let i(z) = z**2 + 11*z + 14. Determine i(-7).
-14
Let q(l) = -6*l**2 + 12*l - 7. Give q(2).
-7
Let q(u) = -u**2 - 2*u - 11. What is q(-3)?
-14
Let a(b) = -2*b**2 - 65*b - 88. Give a(-31).
5
Let r(u) = -2*u**2 + 16*u + 10. Give r(9).
-8
Let y(q) = -q - 1. Give y(0).
-1
Let u(p) = -3*p**3 - 3*p + 2. Calculate u(2).
-28
Let n(v) = v**3 + v - 86. What is n(0)?
-86
Let w(h) = -h + 4. Give w(5).
-1
Let a(j) = 6*j + 40. Calculate a(-7).
-2
Let v(x) = 9*x**2 - x + 1. Determine v(2).
35
Let d(x) = -6*x**2 + 1. Determine d(-1).
-5
Let y(z) = -z**3 + 12*z**2 - 12*z - 8. Determine y(11).
-19
Let h(t) = t + 19. Give h(-11).
8
Let r(g) = 3*g**3 - g**2 - 9*g + 10. Calculate r(1).
3
Let v(t) = 2*t**3 - 10*t**2 - 14*t + 14. What is v(6)?
2
Let h(y) = 7*y**2 - 20*y - 20. What is h(-1)?
7
Let a(n) = -n**2 - 28*n - 71. Calculate a(-25).
4
Let p(b) = 50*b + 147. Give p(-3).
-3
Let p(n) = n**2 - 3*n + 7. What is p(5)?
17
Let w(m) = -7*m + 4. Calculate w(1).
-3
Let k(m) = -m + 15. Calculate k(9).
6
Let j(h) = 2*h**3 + 28*h**2 + 27*h + 19. Give j(-13).
6
Let u(o) = o**3 - 13*o**2 - 1. Determine u(13).
-1
Let v(c) = -6*c**2 + 17*c. Give v(7).
-175
Let b(x) = -x - 49. Determine b(-13).
-36
Let a(i) = -i + 1. Determine a(-7).
8
Let l(y) = y**3 - 8*y**2 - 2*y - 6. Determine l(9).
57
Let t(k) = -3*k**2 - 2*k + 15. Determine t(5).
-70
Let n(h) = h**3 - 14*h**2 + 57*h - 48. Calculate n(6).
6
Let s(k) = k**3 + 6*k**2 - 7*k + 9. Determine s(-6).
51
Let d(u) = 3*u - 2. Give d(-2).
-8
Let j(g) = g**2 + 3*g - 6. Determine j(-6).
12
Let q(v) = v**3 + 10*v**2 + 2*v + 12. What is q(-10)?
-8
Let n(r) = r**2 + 9*r + 5. Determine n(-9).
5
Let m(j) = -j**2 + 25*j - 19. Calculate m(25).
-19
Let g(h) = h**3 + h**2 + 4. Calculate g(2).
16
Let i(w) = w**3 - 4*w**2 - 6*w + 11. Give i(4).
-13
Let j(u) = u + 8. Determine j(0).
8
Let r(a) = -2*a**2 + 17*a - 2. Give r(7).
19
Let i(z) = -28*z + 122. What is i(4)?
10
Let y(v) = -7*v - 1. Give y(6).
-43
Let s(z) = z - 42. Calculate s(17).
-25
Let k(g) = -77*g**2 - 2*g + 3. Give k(1).
-76
Let z(h) = h**2 + 18*h + 23. What is z(-16)?
-9
Let x(q) = -q**3 - 8*q**2 - 2*q + 12. Give x(-6).
-48
Let s(u) = -u**2 + 70*u - 1065. What is s(48)?
-9
Let j(x) = -2*x**2 + 14*x - 2. Calculate j(7).
-2
Let y(p) = -6*p + 95. Give y(19).
-19
Let y(j) = j**2 + 25*j - 11. What is y(-25)?
-11
Let w(s) = s**3 + 7*s**2 + 16*s + 58. Determine w(-6).
-2
Let z(y) = -y**3 + 15*y**2 - 5*y + 5. Determine z(15).
-70
Let s(h) = 7*h. Calculate s(-2).
-14
Let o(k) = k**3 + 12*k**2 + 14*k + 24. Calculate o(-11).
-9
Let b(w) = 2*w + 8. Calculate b(-6).
-4
Let m(u) = 2*u. Calculate m(6).
12
Let v(l) = l**2 + 5*l - 2. Give v(-5).
-2
Let u(i) = -2*i**3 - 80*i**2 - 76*i + 74. What is u(-39)?
-4
Let s(l) = l**2 - l. What is s(7)?
42
Let j(u) = u**2 + 9*u - 7. Determine j(-8).
-15
Let x(m) = 7*m - 13. Give x(4).
15
Let k(m) = -16*m - 17. Calculate k(-3).
31
Let t(m) = 22*m**2 - 3*m + 1. Determine t(2).
83
Let t(z) = z**3 - 7*z**2 + 12*z - 7. Calculate t(5).
3
Let n(a) = -2*a**2 + 14*a - 16. What is n(5)?
4
Let u(j) = -j**3 + 20*j**2 + 22*j - 17. Give u(21).
4
Let i(y) = y**3 - 7*y**2 - 2*y + 4. What is i(4)?
-52
Let t(c) = -c**3 - c**2 + c - 36. Determine t(0).
-36
Let l(y) = y**2 + 3*y + 5. Determine l(-1).
3
Let x(u) = u**3 + u**2 + u - 6. Calculate x(0).
-6
Let r(s) = s**2 - 9*s + 4. Give r(5).
-16
Let f(q) = -9*q + 57. What is f(5)?
12
Let v(z) = -36*z - 79. Give v(-2).
-7
Let r(x) = -2*x + 3. Determine r(1).
1
Let b(j) = -2*j**2 + 23*j - 107. Calculate b(5).
-42
Let y(s) = -s**3 - 11*s**2 - 7*s + 3. Calculate y(-10).
-27
Let l(v) = -3*v - 120. Calculate l(-36).
-12
Let h(a) = a**3 - 14*a**2 + 29. Determine h(14).
29
Let a(h) = h**2 + 4*h + 3. Give a(-3).
0
Let n(v) = -v**3 - 5*v**2 - v + 3. Give n(-4).
-9
Let u(l) = 6*l + 94. Calculate u(-15).
4
Let i(x) = -x**3 + 3*x**2 + 5*x - 5. Calculate i(5).
-30
Let u(a) = a**3 + a**2 + 2*a - 15. Calculate u(0).
-15
Let d(g) = 2*g + 4. Calculate d(0).
4
Let y(k) = k**3 - 21*k**2 - 26*k + 29. Determine y(22).
-59
Let u(t) = -t**2 + 3*t - 3. Determine u(5).
-13
Let r(o) = o**3 + 3*o**2 + 6*o + 9. Give r(-3).
-9
Let a(t) = -t**2 + 7*t + 94. Give a(14).
-4
Let p(w) = w**3 + 10*w**2 + 8*w - 5. Calculate p(-9).
4
Let u(m) = 4*m**2 + 33*m + 60. What is u(-5)?
-5
Let q(n) = n**3 - n**2 + n + 7. What is q(0)?
7
Let k(r) = r**2 + 7*r - 8. Give k(-9).
10
Let b(f) = -11*f**2 - 1. Determine b(1).
-12
Let o(z) = -z**3 - 10*z**2 - 10*z - 11. Determine o(-9).
-2
Let p(o) = o**3 + 10*o**2 + 7*o - 11. Give p(-9).
7
Let l(i) = -26*i - 1. Give l(-1).
25
Let c(d) = -d - 2. Calculate c(0).
-2
Let p(l) = 11*l - 5. Calculate p(6).
61
Let c(y) = 17*y**2 + 3*y + 1. Give c(-1).
15
Let v(w) = w**2 - w - 1. What is v(-10)?
109
Let a(n) = 2*n**2 + 2*n - 2. Determine a(2).
10
Let j(s) = -s**2 - 6*s + 10. What is j(-7)?
3
Let g(w) = w**2 + w - 4. Calculate g(-4).
8
Let a(w) = w**3 - 5*w**2 + 5*w - 5. What is a(3)?
-8
Let n(k) = -6*k - 97. Give n(-10).
-37
Let t(w) = w**2 - 8*w - 2. What is t(9)?
7
Let v(c) = -3*c + 5. Determine v(-7).
26
Let z(a) = -67*a 